ple of 166?
False
Does 16 divide 161620?
False
Does 8 divide 23206688?
True
Does 30 divide 533031?
False
Does 109 divide 2161579?
True
Is 17 a factor of 315157?
False
Is 28 a factor of 155301?
False
Is 13 a factor of 888141?
False
Is 15 a factor of 110536?
False
Is 385 a factor of 669130?
True
Is 23678266 a multiple of 155?
False
Is 74519 a multiple of 176?
False
Is 3661170 a multiple of 19?
False
Does 28 divide 94308?
False
Is 1461429 a multiple of 10?
False
Is 3 a factor of 1464000?
True
Is 5 a factor of 70115?
True
Does 62 divide 36332?
True
Is 24 a factor of 45585?
False
Does 20 divide 273751?
False
Does 4 divide 117586?
False
Is 13 a factor of 5700538?
False
Does 130 divide 9717500?
True
Is 120680 a multiple of 28?
True
Is 123 a factor of 987936?
True
Does 16 divide 12766460?
False
Does 2871 divide 25201208?
False
Is 31844 a multiple of 31?
False
Is 7101089 a multiple of 32?
False
Does 9 divide 328764?
False
Is 90208 a multiple of 4?
True
Does 14 divide 44331?
False
Is 3 a factor of 11079?
True
Is 28 a factor of 18032?
True
Does 11 divide 854468?
False
Is 2318745 a multiple of 517?
True
Is 259616 a multiple of 488?
True
Is 2825022 a multiple of 6?
True
Is 1051333 a multiple of 11?
False
Does 39 divide 1170039?
True
Is 12 a factor of 127128?
True
Is 80754 even?
True
Is 345100 a multiple of 170?
True
Is 525928 a multiple of 13?
True
Is 3 a factor of 538194?
True
Is 264473 a multiple of 63?
False
Is 43775 a multiple of 25?
True
Is 20382 a multiple of 258?
True
Is 119 a factor of 203343?
False
Does 134 divide 783230?
True
Is 51485 a multiple of 48?
False
Does 1110 divide 1315350?
True
Is 32 a factor of 676480?
True
Does 69 divide 7010928?
False
Is 429522 a multiple of 84?
False
Is 40 a factor of 1253680?
True
Is 122859 a multiple of 94?
False
Is 74 a factor of 82288?
True
Is 529060 a multiple of 237?
False
Is 50 a factor of 10846950?
True
Does 405 divide 3431778?
False
Is 14 a factor of 537913?
False
Does 117 divide 12071475?
True
Is 547 a factor of 5061938?
True
Is 9 a factor of 5813550?
True
Is 84 a factor of 2548056?
True
Is 40 a factor of 247672?
False
Is 18 a factor of 39215?
False
Is 1165984 a multiple of 664?
True
Is 29216 a multiple of 19?
False
Does 914 divide 358534?
False
Is 94392 a multiple of 184?
True
Is 2079984 a multiple of 34?
True
Is 63763 a multiple of 4?
False
Is 8 a factor of 57904?
True
Is 3 a factor of 154395?
True
Is 54 a factor of 51867?
False
Does 6 divide 84343?
False
Is 23 a factor of 63866?
False
Does 12 divide 104219?
False
Does 91 divide 1954468?
False
Is 14 a factor of 1164548?
True
Is 968608 a multiple of 16?
True
Is 59076 a multiple of 37?
False
Does 7 divide 1553434?
False
Is 61 a factor of 133651?
True
Does 22 divide 7181174?
True
Is 22 a factor of 7226984?
False
Is 55 a factor of 837375?
True
Does 2 divide 121500?
True
Does 2 divide 37536?
True
Is 5906892 a multiple of 6?
True
Is 1963879 a multiple of 21?
False
Does 130 divide 218140?
True
Is 525389 a multiple of 53?
True
Does 5 divide 54794?
False
Is 152180 a multiple of 7?
True
Is 1426875 a multiple of 15?
True
Is 118 a factor of 5797576?
True
Is 3409685 a multiple of 755?
False
Does 132 divide 100848?
True
Does 186 divide 5811198?
True
Is 43 a factor of 3865743?
True
Does 76 divide 1151096?
True
Does 31 divide 188648?
False
Is 11437743 a multiple of 1929?
False
Is 394 a factor of 7266148?
True
Is 11466323 a multiple of 260?
False
Is 338 a factor of 65624?
False
Does 510 divide 95880?
True
Is 4274478 a multiple of 39?
True
Is 7503232 a multiple of 270?
False
Is 6 a factor of 284766?
True
Is 16434 a multiple of 2?
True
Does 346 divide 343924?
True
Does 168 divide 7018704?
True
Does 20 divide 29379298?
False
Is 884 a factor of 1735032?
False
Does 201 divide 5227361?
False
Is 28 a factor of 251161?
False
Is 770874 a multiple of 39?
True
Is 1821185 a multiple of 384?
False
Is 2739070 a multiple of 232?
False
Is 38998 a multiple of 62?
True
Is 16 a factor of 9036112?
True
Is 150177 a multiple of 52?
False
Is 2741665 a multiple of 2?
False
Is 708822 a multiple of 18?
True
Does 381 divide 85869?
False
Does 11 divide 3064402?
True
Is 50 a factor of 1070650?
True
Is 901628 a multiple of 26?
True
Does 41 divide 3307413?
False
Does 39 divide 7207?
False
Is 631 a factor of 6057600?
True
Is 71 a factor of 160572?
False
Is 2568186 a multiple of 54?
True
Does 55 divide 82553?
False
Is 26 a factor of 10140?
True
Is 10 a factor of 137871?
False
Does 52 divide 173627?
False
Is 136684 a multiple of 155?
False
Is 100 a factor of 1786884?
False
Is 75194 a multiple of 5?
False
Does 846 divide 1291842?
True
Does 100 divide 53042?
False
Is 4 a factor of 428068?
True
Is 2248320 a multiple of 30?
True
Is 5293404 a multiple of 828?
True
Is 132 a factor of 4873020?
False
Is 17 a factor of 184021?
False
Does 1425 divide 5943675?
True
Does 777 divide 32639439?
True
Is 8 a factor of 133712?
True
Does 9 divide 88527?
False
Is 204479 a multiple of 117?
False
Is 23950 a multiple of 26?
False
Does 6 divide 19038?
True
Is 2671 a multiple of 29?
False
Is 13973232 a multiple of 7?
True
Is 93612 a multiple of 12?
True
Does 11 divide 178457?
False
Does 96 divide 811296?
True
Is 28381 a multiple of 356?
False
Does 31 divide 2639495?
True
Is 885996 a multiple of 36?
True
Does 26 divide 179374?
True
Does 7 divide 6626722?
False
Is 700 a factor of 3133900?
True
Does 7 divide 13125?
True
Is 61152 a multiple of 56?
True
Does 59 divide 33571?
True
Does 13 divide 1236097?
False
Is 15457 a multiple of 25?
False
Is 13956792 a multiple of 1446?
True
Is 18869 a multiple of 2?
False
Is 3009649 a multiple of 59?
True
Does 825 divide 1162542?
False
Is 304328 a multiple of 15?
False
Is 67770 a multiple of 270?
True
Is 15 a factor of 3904710?
True
Does 755 divide 2006509?
False
Is 3629056 a multiple of 77?
False
Is 14 a factor of 45856?
False
Does 663 divide 3577134?
False
Is 8060 a multiple of 31?
True
Is 210 a factor of 12721380?
True
Is 691713 a multiple of 297?
True
Is 85 a factor of 13600?
True
Is 78 a factor of 165204?
True
Does 449 divide 856692?
True
Does 180 divide 64260?
True
Does 27 divide 5426141?
False
Is 1531112 a multiple of 127?
True
Is 2492600 a multiple of 515?
True
Does 13 divide 163580?
False
Does 64 divide 1578247?
False
Does 186 divide 982265?
False
Is 34 a factor of 389122?
False
Is 156 a factor of 664092?
True
Does 14 divide 17258528?
True
Is 16 a factor of 131413?
False
Is 890864 a multiple of 104?
True
Is 108589 a multiple of 4?
False
Is 350541 a multiple of 543?
False
Is 203990 a multiple of 17?
False
Is 3050627 a multiple of 42?
False
Is 121110 a multiple of 110?
True
Does 23 divide 82234?
False
Does 5 divide 142295?
True
Does 9 divide 1667682?
True
Does 9 divide 5657067?
True
Is 14 a factor of 124435?
False
Is 243 a factor of 3438936?
True
Is 2284586 a multiple of 23?
False
Is 80190 a multiple of 165?
True
Does 66 divide 969792?
False
Is 14 a factor of 1836723?
False
Is 9051225 a multiple of 8?
False
Is 2 a factor of 101449?
False
Is 108 a factor of 26321976?
True
Does 554 divide 628236?
True
Is 2367520 a multiple of 16?
True
Is 238068 a multiple of 120?
False
Is 14657 a multiple of 16?
False
Does 33 divide 6651315?
True
Is 184993 a multiple of 30?
False
Is 400 a factor of 22400?
True
Is 14627 a multiple of 52?
False
Is 3763 a multiple of 7?
False
Is 488425 a multiple of 140?
False
Is 5261046 a multiple of 547?
True
Is 3563017 a multiple of 163?
True
Is 508 a factor of 33535112?
True
Is 608150 a multiple of 25?
True
Does 17 divide 37111?
True
Is 2908439 a multiple of 29?
True
Is 320918 a multiple of 16?
False
Is 157 a factor of 7160815?
False
Is 336 a factor of 13517?
False
Is 480842 a multiple of 29?
False
Is 66657 a multiple of 10?
False
Is 2030992 a multiple of 472?
False
Does 22 divide 4437?
False
Does 88 divide 3554418?
False
Does 704 divide 3785342?
False
Does 49 divide 3808?
False
Does 632 divide 419648?
True
Is 17345773 a multiple of 442?
False
Is 5591439 a multiple of 1007?
False
Does 115 divide 167210?
True
Does 18 divide 5005813?
False
Does 39 divide 440388?
True
Does 15 divide 4728690?
True
Is 96 a factor of 205896?
False
Is 42 a factor of 49662?
False
Is 112769 a multiple of 23?
True
Is 4815229 a multiple of 34?
False
Is 1183 a factor of 7811349?
True
Is 1603344 a